-1126 (base 8) to base 16
-256
-45a (base 13) to base 7
-2122
Convert -6575 (base 14) to base 10.
-17547
-7275 (base 12) to base 4
-3002321
2124 (base 6) to base 4
13210
519 (base 16) to base 11
a87
32110 (base 4) to base 9
1227
-28b (base 13) to base 5
-3303
4b8 (base 13) to base 2
1100111011
What is -770b (base 13) in base 10?
-16573
What is 73173 (base 8) in base 11?
20874
Convert 34 (base 12) to base 15.
2a
-242626 (base 7) to base 12
-2170a
What is 220201120 (base 3) in base 11?
125a6
Convert -11010111100000 (base 2) to base 10.
-13792
Convert 4913 (base 10) to base 4.
1030301
Convert ed59 (base 15) to base 6.
1024403
336 (base 15) to base 9
886
Convert 112304 (base 5) to base 15.
131e
-24b (base 14) to base 15
-209
-b (base 16) to base 2
-1011
-101415 (base 6) to base 14
-2d7d
1244330 (base 6) to base 5
4142012
What is 1315 (base 9) in base 6?
4322
213 (base 15) to base 11
396
Convert -11223 (base 7) to base 15.
-ca9
What is 2111101 (base 3) in base 11?
1404
What is ccf (base 16) in base 2?
110011001111
-43302 (base 6) to base 12
-3532
Convert 133 (base 13) to base 15.
e1
What is -73 (base 11) in base 16?
-50
What is 573 (base 9) in base 15?
216
What is 1997 (base 10) in base 2?
11111001101
What is 2003001 (base 4) in base 12?
4a29
12e (base 16) to base 8
456
What is 22423 (base 8) in base 9?
14015
What is 2135 (base 7) in base 2?
1011111001
70d (base 16) to base 5
24210
Convert -3260 (base 8) to base 9.
-2312
What is -99b (base 13) in base 16?
-671
10304 (base 6) to base 8
2600
What is -2103011 (base 4) in base 15?
-2bc8
313d (base 14) to base 12
4aab
What is 6500 (base 9) in base 4?
1022223
What is dca (base 15) in base 12?
1977
Convert 15001 (base 6) to base 16.
949
1878 (base 10) to base 13
b16
13587 (base 12) to base 8
64167
What is 13b4 (base 12) in base 16?
8f8
Convert 3426 (base 7) to base 11.
a32
Convert -1080 (base 11) to base 14.
-735
What is 1346 (base 13) in base 2?
101011001010
-2d28 (base 16) to base 10
-11560
-2022222 (base 4) to base 16
-22aa
What is 4334 (base 5) in base 11?
4a0
What is -3212 (base 5) in base 7?
-1155
11001 (base 5) to base 13
45a
5391 (base 10) to base 13
25b9
Convert -110222120 (base 3) to base 12.
-5589
What is -10111011010 (base 2) in base 16?
-5da
-33120300 (base 4) to base 13
-228c0
-212112 (base 3) to base 12
-44b
-8980 (base 16) to base 7
-204424
Convert -101111011 (base 2) to base 11.
-315
-722c (base 14) to base 11
-13835
What is 2161 (base 13) in base 15?
1597
9565 (base 10) to base 7
36613
1000011010 (base 2) to base 5
4123
What is -13c3 (base 15) in base 7?
-15225
4775 (base 14) to base 16
30a3
What is 1755 (base 15) in base 10?
5030
Convert -101111011 (base 2) to base 4.
-11323
What is 40058 (base 9) in base 4?
12122321
What is -210120022 (base 3) in base 10?
-15722
-523 (base 14) to base 13
-5ca
Convert -200221 (base 3) to base 13.
-304
What is -11085 (base 14) in base 4?
-22010331
Convert 1631 (base 9) to base 12.
877
Convert 23a5 (base 13) to base 11.
3869
Convert 111110 (base 4) to base 9.
1775
113500 (base 6) to base 12
5890
-36023 (base 7) to base 15
-2b38
Convert 1331222 (base 4) to base 6.
101122
231345 (base 7) to base 11
29072
What is -281 (base 11) in base 14?
-199
What is -13cd (base 15) in base 3?
-12211011
What is -1 (base 10) in base 8?
-1
Convert bb (base 16) to base 11.
160
Convert -33c8 (base 16) to base 11.
-9a61
-c8e (base 16) to base 3
-11102001
What is 2b64 (base 12) in base 4?
1033330
2323 (base 9) to base 14
8b0
What is -3233 (base 5) in base 6?
-2015
22461 (base 8) to base 4
2110301
1756 (base 8) to base 11
835
Convert 58837 (base 9) to base 11.
275a5
10831 (base 11) to base 4
3310123
-c19a (base 16) to base 15
-ea42
-21477 (base 8) to base 7
-35210
What is -120243 (base 5) in base 9?
-6082
Convert 300 (base 4) to base 2.
110000
Convert 24412 (base 5) to base 7.
5262
-200111210 (base 3) to base 10
-13494
What is a69 (base 14) in base 11?
15a7
Convert 1252 (base 12) to base 2.
100000011110
What is 139d1 (base 14) in base 3?
2110122211
Convert -759 (base 10) to base 16.
-2f7
What is -21210 (base 5) in base 3?
-1221222
16213 (base 14) to base 2
1101011111111001
20012 (base 3) to base 16
a7
1161 (base 8) to base 14
329
Convert 110000001 (base 2) to base 8.
601
What is 23444 (base 12) in base 14?
13336
19171 (base 10) to base 14
6db5
What is 2199 (base 12) in base 14?
14d7
Convert -3244 (base 6) to base 3.
-1000201
-325314 (base 6) to base 7
-142030
What is 53db (base 14) in base 11?
a993
-52472 (base 10) to base 8
-146370
1a83 (base 16) to base 13
3121
2221012 (base 3) to base 15
978
-11a90 (base 11) to base 10
-17281
Convert 1872 (base 9) to base 4.
112202
What is -1010101001 (base 2) in base 6?
-3053
Convert 44232 (base 10) to base 9.
66606
1802 (base 10) to base 7
5153
Convert -4c46 (base 13) to base 11.
-8196
99a (base 16) to base 11
1935
What is 4240214 (base 5) in base 2?
10001011010001101
-222221 (base 4) to base 2
-101010101001
-100000011001111 (base 2) to base 11
-11513
What is -1000000101 (base 2) in base 9?
-634
402 (base 12) to base 4
21002
-3a7 (base 12) to base 14
-2bd
What is -33648 (base 9) in base 5?
-1204100
52550 (base 6) to base 8
15722
198 (base 16) to base 2
110011000
Convert -20332 (base 5) to base 10.
-1342
-1425 (base 8) to base 11
-658
What is -2562 (base 7) in base 14?
-4d9
What is 10033303 (base 4) in base 2?
100001111110011
What is -8420 (base 11) in base 3?
-120022010
What is 2f5 (base 16) in base 10?
757
Convert 1362 (base 8) to base 6.
3254
What is 1001110000 (base 2) in base 13?
390
-3010 (base 7) to base 13
-619
What is 235625 (base 7) in base 6?
530205
What is -873 (base 11) in base 14?
-54c
What is -32030 (base 6) in base 11?
-3294
Convert 121316 (base 7) to base 15.
6842
-c9c (base 13) to base 15
-98c
Convert 8a55 (base 11) to base 8.
27216
Convert -2442021 (base 5) to base 7.
-252413
-200111102 (base 3) to base 16
-34ac
What is 1332 (base 4) in base 13?
99
Convert 5142 (base 10) to base 4.
1100112
23 (base 12) to base 10
27
What is 21000 (base 5) in base 8?
2537
What is -113110 (base 4) in base 12?
-a44
What is -c8d (base 16) in base 5?
-100323
What is 1076 (base 14) in base 10?
2848
-1000110010001 (base 2) to base 6
-32453
What is -3746 (base 16) in base 3?
-201102002
What is -2c3a (base 13) in base 10?
-6471
-1242 (base 13) to base 15
-b79
Convert 1117 (base 8) to base 5.
4331
What is 300422 (base 6) in base 5?
1222421
-13453 (base 9) to base 14
-3476
Convert 20331 (base 4) to base 3.
210020
Convert 100230 (base 4) to base 10.
1068
Convert -112543 (base 7) to base 6.
-233214
What is 8322 (base 13) in base 6?
215503
Convert 1075 (base 10) to base 13.
649
What is 1155 (base 6) in base 12?
1bb
Convert 6088 (base 12) to base 13.
49c7
What is -1111000110010 (base 2) in base 10?
-7730
What is 515 (base 7) in base 5?
2012
What is 3133 (base 4) in base 13?
142
What is 1234 (base 8) in base 15?
2e8
Convert -6899 (base 14) to base 8.
-43367
Convert -102102133 (base 4) to base 6.
-1334451
What is -242205 (base 6) in base 14?
-7a57
-2138 (base 15) to base 12
-4098
Convert -718 (base 11) to base 13.
-518
Convert -2212311 (base 4) to base 9.
-15573
What is -216554 (base 7) in base 11?
-26900
What is -115 (base 10) in base 11?
-a5
What is -11000010000 (base 2) in base 10?
-1552
-16457 (base 8) to base 12
-43a7
Convert -278 (base 13) to base 16.
-1b5
-969c (base 13) to base 4
-11012310
Convert aa (base 15) to base 4.
2200
Convert 4d4 (base 16) to base 5.
14421
Convert -270 (base 14) to base 2.
-111101010
-3229 (base 16) to base 7
-52303
What is 16643 (base 7) in base 13?
2240
Convert 1011211101 (base 3) to base 13.
a73b
What is -7a3 (base 11) in base 8?
-1700
12233 (base 4) to base 11
362
What is -112331 (base 4) in base 7?
-4166
What is -221101 (base 3) in base 13?
-409
What is -1331 (base 5) in base 11?
-187
-1042 (base 5) to base 4
-2103
Convert -3138 (base 13) to base 15.
-203c
113313 (base 4) to base 6
11023
What is -23455 (base 7) in base 5?
-143232
-c6b (base 14) to base 10
-2447
What is 2222001 (base 3) in base 7?
6205
Convert -100330 (base 4) to base 11.
-8a6
Convert 4729 (base 10) to base 8.
11171
458 (base 9) to base 11
313
What is -2250 (base 8) in base 7?
-3322
What is 11d5 (base 15) in base 2?
111011011000
Convert -1040 (base 